 is v(-2)?
-42
Let q(y) = -y**3 + 5*y**2 - 4*y - 1. Suppose 0 = 2*v + 2*w + 142, 5*v + 3*w - w = -340. Suppose 2*u + 3*j = -129, -2*j - 3 = -1. Let a = u - v. Give q(a).
5
Let s = 4623 - 4620. Let y(l) = 2*l - 13. Calculate y(s).
-7
Let f(u) = 3*u**3 - 7*u**2 + 3*u + 1. Let j(m) = -5*m**3 + 13*m**2 - 6*m - 2. Let x(l) = -7*f(l) - 4*j(l). Calculate x(-4).
5
Let j = 141 + -130. Let n(z) be the third derivative of -z**6/120 + z**5/5 - 11*z**4/24 - z**3/6 + z**2 - 75. Give n(j).
-1
Let v(r) = r - 8. Let q(g) = -g**3 - 13*g**2 - 2*g - 26. Let p be q(-13). Suppose s = p, -21 = 3*l + s + 4*s. Calculate v(l).
-15
Let o(h) = 11*h + 2. Let s = 8111 + -8115. Calculate o(s).
-42
Let t(m) = 153*m + 2026. Let s be t(-13). Let h = 88 + -125. Let b = h + s. Let l(c) = -c + 3. Give l(b).
3
Suppose -9 = 15*l - 24*l. Let k(r) = -r - 2. Let v(c) = -18*c + 13. Let o(d) = l*v(d) + 6*k(d). What is o(1)?
-23
Let c(h) = h**3 - 2*h**2 - h. Suppose -694 = 27*m + 278. Let q be 6 + ((-8)/m - 222/27). Give c(q).
-14
Let b(q) = -q - 1. Suppose 0 = -12*s + 8*s - 48. Let y be 765/(-20) + (9/s - -1). Let n be y/(-95)*(-16 + 2 + -1). Determine b(n).
5
Let y(d) = 26*d - 49*d + d**3 + 5 + 10*d**2 + 43*d. Let g be y(-7). Let h(l) = l - 7. What is h(g)?
5
Let o(s) be the first derivative of 8*s**2 - 117*s + 6986. What is o(7)?
-5
Let i(j) = j**3 + 7*j**2 + 4*j - 2. Suppose 4*m = -2*k, m + 0*m = k - 3. Suppose 4*v = 2*a - 4, 5*a + 22 = k*a - v. Determine i(a).
10
Let o(i) be the second derivative of -5*i**3/6 - 7*i**2/2 - 3436*i. Give o(5).
-32
Let n(l) = -10*l**2 - 1 - 12*l + 9*l**2 - 7*l - 7. Calculate n(-19).
-8
Let m be (-4 + 3)*((-6)/4 - 19/(-38)). Let z(r) = -9*r**2 - 4*r + 4. What is z(m)?
-9
Let y(x) = 11*x**2 - 15*x + 6. Let z(s) = -4*s**2 + 5*s - 2. Let f(a) = 3*y(a) + 8*z(a). Let i = 29053 + -29048. Give f(i).
2
Let y(p) = 34*p - 1180 + p**2 + 575 + 583 - 5*p**2 + 59*p. What is y(23)?
1
Let a be -3 + 15/(60/44) + -5 + 0. Let k(d) be the first derivative of -11 + d - d**2 - 1/3*d**a. What is k(-3)?
-2
Let u(o) be the second derivative of -o**5/10 + 2*o**4/3 - o**3/3 - 2*o**2 + 207*o + 3. What is u(5)?
-64
Let s(c) = -c**2 - c - 27. Let g(n) = -6*n**2 + 16*n + 10. Let l be g(-4). Let f = 150 + l. What is s(f)?
-27
Let o(t) = -5. Let i(a) = 14*a + 29. Let h(d) = -i(d) - 6*o(d). Calculate h(-3).
43
Let j(o) = 34*o + 26*o + 30*o + 85 - 112*o + 24*o. Determine j(0).
85
Let c(o) = 2*o**2 - 39*o - 17. Let l be c(20). Let w(n) = n + n - 9 + 2 - l*n - n. Calculate w(-9).
11
Let v(j) be the third derivative of j**5/60 + 3*j**4/8 + j**3/2 + 9*j**2. Let m be (-13)/117*-12 + 56/(-6). Give v(m).
-5
Let m(o) = -2*o**3 + 29*o**2 - 54*o + 55. Let r(w) = 3*w**3 - 33*w**2 + 53*w - 56. Let s(k) = 4*m(k) + 3*r(k). Calculate s(-20).
-8
Let p(k) = 0*k + 0*k + 3*k**2 - 6*k + 4*k + 3. Suppose 0 = -9*i + 18. Determine p(i).
11
Let v(c) = -13*c**2 - 1. Let m be (4 - 0)/(8 - 12). Calculate v(m).
-14
Suppose 12 = -21*t + 22*t. Let d(i) = t*i + 30 - 30 - 13*i. Let v = 4 + -2. Determine d(v).
-2
Let k(b) = 14*b + 4. Suppose 0 = -5*u - 4*y - 50, u - 12*y = -10*y - 10. Give k(u).
-136
Let h(k) = k**3 - 8*k**2 + k + 4. Let x(a) = -a. Let n(y) = -2*y - 2. Let u(m) = n(m) - x(m). Let i be u(-10). What is h(i)?
12
Let v(h) = -3*h**3 - h**2 - h - 1. Let m(u) = 9*u - 18. Let o be m(6). Suppose -6*x = -o + 12. Suppose 4*a - x = -8. Determine v(a).
2
Let m(p) = 96*p**2 - 669*p - 24. Let f be m(7). Let j(k) = -6*k - 12. Give j(f).
6
Let v(q) be the first derivative of 1/4*q**4 + q**2 - 5/3*q**3 + 18 - 2*q. Suppose i - 4*i = -12. Give v(i).
-10
Let w(c) be the second derivative of c**5/20 - 5*c**4/6 + 4*c**3/3 + 11*c**2/2 - 46*c. Let a be w(9). Let v(i) = i. What is v(a)?
2
Let f = -1568 - -1573. Let q(s) be the first derivative of -s**4/6 + s**3/3 - 3*s**2/2 + 4. Let i(l) be the second derivative of q(l). Give i(f).
-18
Let w(r) be the third derivative of -r**6/120 + r**5/5 - 13*r**4/24 + 5*r**3/2 - 1150*r**2. Suppose 0 = 2*t - 0 - 2. Let d = 12 - t. Calculate w(d).
-7
Suppose -4*l - 5*w = -36, 5*w = 8*l - 13*l + 40. Let k(v) = 7*v - 25*v + 4*v + 2*v + 10*v + 8. Give k(l).
0
Let j(v) = -v**2 - 14*v - 16. Suppose -23 - 1 = 2*f. Let c be j(f). Let l(b) = -13*b - 17. Let a(s) = -8*s - 9. Let o(x) = -5*a(x) + 3*l(x). Give o(c).
2
Let t be (-8)/(-3)*(30/(-4))/(-5). Let f(c) be the second derivative of c**4/12 + 5*c**3/6 - c**2 - 427*c. Calculate f(t).
34
Let i(b) = -b + 17. Let l(j) = -j**3 + 10*j**2 + 3*j - 28. Let x be l(10). Suppose 2*q - h - 5 = 8, 0 = -x*h + 6. Calculate i(q).
9
Let j be 1408/6 - (15/9 - 1). Let t = 240 - j. Let y(o) = o**3 - 5*o**2 - 3*o - 12. What is y(t)?
6
Let n(d) = d - 4*d - 3 + 0. Let v = 403 - 399. Suppose -4*g = -v*o - 24, 12*g - 17*g + 9 = 2*o. What is n(g)?
-12
Let q(j) = j**3 + 10*j**2 - 199*j - 1996. Let z be q(-10). Let h(y) = y**3 + 7*y**2 - 2*y - 34. What is h(z)?
14
Let c(o) = -o + 3 - 4*o + o + 3. Suppose 0 = -2*z + h + 4, -134*z + 16 = -131*z + h. Calculate c(z).
-10
Let x(f) = 7*f - 12*f**2 - 44*f**2 + 8 + 60*f**2. What is x(-1)?
5
Let x(h) = h**3 + 15*h**2 + 11*h - 39. Let u = -3084 - -3070. Determine x(u).
3
Suppose 2*g + 3*i - 48 = -i, 77 = 3*g + i. Suppose 2*u + 16 - g = 0. Let n(z) = -19*z**2 - u*z**2 + z + 0*z**2. Give n(1).
-23
Let d(c) = c**3 - 11*c**2 + 3*c. Let j be (-3843)/(-351) - (140/(-195))/14. Determine d(j).
33
Let l(x) = 8*x - 71. Let v = 25534 - 25521. Determine l(v).
33
Let x(h) = 45*h - 3*h**2 - 65*h + 57*h - 6. Let t be x(12). Let l(n) = -n**2 + 6*n - 3. Give l(t).
-3
Let k(u) = -4*u + 53. Let w(h) = 24*h**3 - 385*h**2 + 17*h - 3. Let y be w(16). Calculate k(y).
1
Suppose -2*j + 79 - 60 = -b, j = 3. Let k(f) = f + 31. Determine k(b).
18
Let c(v) = -16*v + 95. Let z = -11216 - -11222. Determine c(z).
-1
Let z = 7651 + -7652. Let r(q) = -2*q**3 + 3*q**2 + 16*q + 15. Calculate r(z).
4
Let w(p) = 5*p**2 - 11*p - 2 - 4*p**3 + 5 + 5. Let u(j) = -30*j - 2*j + 23 + 3489*j**3 - 3500*j**3 + 16*j**2. Let y(b) = -3*u(b) + 8*w(b). Determine y(6).
-29
Let m be (5 + 0/6)*-1 - -13. Let d(n) = 3*n + 6*n + m*n - n**2 - 22 - 22 + 22. Determine d(16).
-6
Let w(u) = -u**3 + 21*u**2 + 25*u - 63. Let a = -3133 - -3155. Give w(a).
3
Let p(s) = 3*s**2 - 4*s - 4. Let g = -48579 - -48580. Give p(g).
-5
Let k(m) be the second derivative of m**6/720 + m**5/60 - m**4/12 - 47*m**3/6 - 152*m. Let c(t) be the third derivative of k(t). Determine c(1).
3
Let l(j) = -j**3 + 2*j**2 + 8*j + 2. Let x be l(4). Let o(p) = -p**3 - 4*p**2 - 2*p - 6. Let w be o(-4). Let m(h) = -h - 2 - w*h - h**x + 4*h + h**3. Give m(2).
4
Let f(g) = -13*g**2 + 7 - 2*g - 9*g - 2*g**2 + 21*g**2 - 5*g**2. Determine f(14).
49
Let f(r) = 4*r + 52. Let k be f(-13). Suppose -2*g - 2*g = p - 12, -4*p + 26 = 5*g. Let c(l) = l + p + 4 - 1. Determine c(k).
7
Let m = -34 + 44. Suppose -m*s + 0*s - 150 = 0. Let h = s + 18. Let z(j) = -j**3 + 4*j**2 - 3*j + 1. Calculate z(h).
1
Let u(j) = j**3 + j**2. Let b(n) = 5*n**3 + 47*n - 44*n**2 - 53*n + 41*n**2 - 3*n**3. Let w(m) = b(m) - 3*u(m). Determine w(-5).
5
Suppose 0*d = 6*d + 600. Let v be d/(-650) - 30/26. Let s(u) = 4*u**3 + u**2 + u. Determine s(v).
-4
Suppose 48 = d + 39. Let m(k) be the third derivative of -k**6/120 + k**5/6 - 3*k**4/8 + k**3 + 1043*k**2. Calculate m(d).
6
Let i = 1790 + -1788. Let w(a) be the second derivative of 0 + 2*a + 1/2*a**i + 1/6*a**3. Determine w(0).
1
Let m(d) = d**2 + 3*d - 2. Let a(f) = -61*f + 185. Let u be a(3). Give m(u).
8
Let p(u) = 3*u + 3. Let j(y) = y**2 + 27*y + 144. Suppose 0 = -4*t + m - 22 - 59, -5*m = -2*t - 45. Let s be j(t). Calculate p(s).
15
Let c(t) be the second derivative of 2 + 3/2*t**3 + 0*t**2 + 1/12*t**4 + 5*t. Determine c(-8).
-8
Let t(k) = -2*k**3 - k - 5 + 4*k**2 + 3*k**3 - 3*k. Suppose -v + 2*o = -2*o + 20, 20 = -5*v + 4*o. Suppose 30 = -6*m - v. Give t(m).
-10
Let q be (-6 - 114/(-15))/(8 - (-38)/(-5)). Let p(u) be the third derivative of 0 - u**2 + 0*u + 5/24*u**q + 2/3*u**3. Determine p(-4).
-16
Suppose 1 = l, 1 = 4*f - 3*l - 20. Suppose -g + 14 = f. Let o(h) = 69 - 48 + 7*h - h**2 - 18. What is o(g)?
-5
Let t(k) = -3*k**2 + k + 16. Suppose -4*q + 2*p + 5 + 3 = 0, 28 = 3*q + 4*p. Give t(q).
-28
Let p(y) = y**2 - 2*y + 13. Let a = -9802 - -9812. Calculate p(a).
93
Let h(t) = -6*t - 223. Let f(v) = -v - 45. Let